{"id":493,"date":"2021-07-25T11:25:23","date_gmt":"2021-07-25T11:25:23","guid":{"rendered":"http:\/\/energoremont.wswieciu.pl\/?page_id=493"},"modified":"2021-09-29T21:44:37","modified_gmt":"2021-09-29T20:44:37","slug":"konstrukcje","status":"publish","type":"page","link":"https:\/\/energoremont-swiecie.pl\/?page_id=493","title":{"rendered":"Konstrukcje"},"content":{"rendered":"<p>[et_pb_section fb_built=&#8221;1&#8243; admin_label=&#8221;Services&#8221; _builder_version=&#8221;4.9.10&#8243; _module_preset=&#8221;default&#8221; background_color=&#8221;#f7f7f7&#8243; custom_padding=&#8221;3px||7px|||&#8221;][et_pb_row column_structure=&#8221;1_4,1_4,1_4,1_4&#8243; _builder_version=&#8221;4.9.10&#8243; _module_preset=&#8221;default&#8221; background_color=&#8221;#FFCC33&#8243; custom_margin=&#8221;19px||0px||false|false&#8221; custom_padding=&#8221;|22px|6px|34px|false|false&#8221;][et_pb_column type=&#8221;1_4&#8243; admin_label=&#8221;Kolumna&#8221; _builder_version=&#8221;4.9.10&#8243; _module_preset=&#8221;default&#8221; background_color=&#8221;#FFCC33&#8243; custom_padding=&#8221;|||0px|false|false&#8221;][et_pb_image src=&#8221;https:\/\/energoremont-swiecie.pl\/wp-content\/uploads\/2021\/09\/dddd.jpg&#8221; alt=&#8221;konstrukcje&#8221; title_text=&#8221;dddd&#8221; url=&#8221;https:\/\/energoremont-swiecie.pl\/?page_id=820&#8243; align=&#8221;center&#8221; _builder_version=&#8221;4.9.10&#8243; _module_preset=&#8221;default&#8221; max_width=&#8221;900px&#8221; max_height=&#8221;675px&#8221; custom_margin=&#8221;-10px|||-10px|false|false&#8221; hover_enabled=&#8221;0&#8243; sticky_enabled=&#8221;0&#8243;][\/et_pb_image][et_pb_text _builder_version=&#8221;4.9.10&#8243; _module_preset=&#8221;default&#8221; text_font=&#8221;Abhaya Libre||||||||&#8221; text_text_color=&#8221;#000000&#8243; text_font_size=&#8221;30px&#8221; background_color=&#8221;#FFCC33&#8243; text_orientation=&#8221;center&#8221; custom_margin=&#8221;-19px||2px|-10px|false|false&#8221; custom_padding=&#8221;||0px||false|false&#8221; link_option_url=&#8221;https:\/\/energoremont-swiecie.pl\/?page_id=820&#8243; hover_enabled=&#8221;0&#8243; sticky_enabled=&#8221;0&#8243;]<\/p>\n<p style=\"text-align: center;\">Instalacje ruroci\u0105gowe<\/p>\n<p>[\/et_pb_text][\/et_pb_column][et_pb_column type=&#8221;1_4&#8243; _builder_version=&#8221;4.9.10&#8243; _module_preset=&#8221;default&#8221; background_color=&#8221;#FFCC33&#8243;][et_pb_image src=&#8221;https:\/\/energoremont-swiecie.pl\/wp-content\/uploads\/2021\/09\/aa003-5.jpg&#8221; alt=&#8221;Serwis papiernictwo&#8221; title_text=&#8221;aa003&#8243; url=&#8221;https:\/\/energoremont-swiecie.pl\/?page_id=484&#8243; align=&#8221;center&#8221; _builder_version=&#8221;4.9.10&#8243; _module_preset=&#8221;default&#8221; custom_margin=&#8221;-10px|||-15px|false|false&#8221;][\/et_pb_image][et_pb_text _builder_version=&#8221;4.9.10&#8243; _module_preset=&#8221;default&#8221; text_font=&#8221;Abhaya Libre||||||||&#8221; text_text_color=&#8221;#000000&#8243; text_font_size=&#8221;30px&#8221; background_color=&#8221;#FFCC33&#8243; text_orientation=&#8221;center&#8221; custom_margin=&#8221;-19px||2px|-12px|false|false&#8221; custom_padding=&#8221;||0px||false|false&#8221; link_option_url=&#8221;http:\/\/energoremont.wswieciu.pl\/?page_id=484&#8243;]<\/p>\n<p style=\"text-align: center;\">Zbiorniki<\/p>\n<p>[\/et_pb_text][\/et_pb_column][et_pb_column type=&#8221;1_4&#8243; _builder_version=&#8221;4.9.10&#8243; _module_preset=&#8221;default&#8221; background_color=&#8221;#FFCC33&#8243;][et_pb_image src=&#8221;https:\/\/energoremont-swiecie.pl\/wp-content\/uploads\/2021\/09\/cccc.jpg&#8221; alt=&#8221;zbiorniki przemys\u0142owe&#8221; title_text=&#8221;bdr&#8221; url=&#8221;https:\/\/energoremont-swiecie.pl\/?page_id=466&#8243; align=&#8221;center&#8221; _builder_version=&#8221;4.9.10&#8243; _module_preset=&#8221;default&#8221; custom_margin=&#8221;-10px|0px||-15px|false|false&#8221;][\/et_pb_image][et_pb_text _builder_version=&#8221;4.9.10&#8243; _module_preset=&#8221;default&#8221; text_font=&#8221;Abhaya Libre||||||||&#8221; text_text_color=&#8221;#000000&#8243; text_font_size=&#8221;30px&#8221; background_color=&#8221;#FFCC33&#8243; text_orientation=&#8221;center&#8221; custom_margin=&#8221;-19px||2px|-15px|false|false&#8221; custom_padding=&#8221;||0px||false|false&#8221; link_option_url=&#8221;https:\/\/energoremont-swiecie.pl\/?page_id=466&#8243;]<\/p>\n<p style=\"text-align: center;\"><span style=\"color: #000000;\">Remonty urz. energetycznych<\/span><\/p>\n<p>[\/et_pb_text][\/et_pb_column][et_pb_column type=&#8221;1_4&#8243; _builder_version=&#8221;4.9.10&#8243; _module_preset=&#8221;default&#8221; background_color=&#8221;#FFCC33&#8243;][et_pb_image src=&#8221;https:\/\/energoremont-swiecie.pl\/wp-content\/uploads\/2021\/09\/fffff.jpg&#8221; alt=&#8221;zbiorniki przemys\u0142owe&#8221; title_text=&#8221;fffff&#8221; url=&#8221;https:\/\/energoremont-swiecie.pl\/?page_id=903&#8243; align=&#8221;center&#8221; _builder_version=&#8221;4.9.10&#8243; _module_preset=&#8221;default&#8221; custom_margin=&#8221;-10px|0px||-15px|false|false&#8221;][\/et_pb_image][et_pb_text _builder_version=&#8221;4.9.10&#8243; _module_preset=&#8221;default&#8221; text_font=&#8221;Abhaya Libre||||||||&#8221; text_text_color=&#8221;#000000&#8243; text_font_size=&#8221;30px&#8221; background_color=&#8221;#FFCC33&#8243; custom_margin=&#8221;-19px||2px|-15px|false|false&#8221; custom_padding=&#8221;||0px||false|false&#8221; link_option_url=&#8221;https:\/\/energoremont-swiecie.pl\/?page_id=903&#8243;]<\/p>\n<p style=\"text-align: center;\"><span style=\"color: #000000;\">Remonty urz\u0105dze\u0144<\/span><\/p>\n<p>[\/et_pb_text][\/et_pb_column][\/et_pb_row][et_pb_row _builder_version=&#8221;4.9.10&#8243; _module_preset=&#8221;default&#8221; custom_padding=&#8221;||0px|||&#8221;][et_pb_column type=&#8221;4_4&#8243; _builder_version=&#8221;4.9.10&#8243; _module_preset=&#8221;default&#8221;][et_pb_text _builder_version=&#8221;4.9.10&#8243; _module_preset=&#8221;default&#8221; border_width_bottom=&#8221;8px&#8221; border_color_bottom=&#8221;#FFCC33&#8243;]<\/p>\n<h2 class=\"title\"><strong>Konstrukcje stalowe<\/strong><\/h2>\n<p>[\/et_pb_text][\/et_pb_column][\/et_pb_row][et_pb_row column_structure=&#8221;2_5,3_5&#8243; _builder_version=&#8221;4.9.10&#8243; _module_preset=&#8221;default&#8221; background_enable_image=&#8221;off&#8221;][et_pb_column type=&#8221;2_5&#8243; _builder_version=&#8221;4.9.10&#8243; _module_preset=&#8221;default&#8221; background_color=&#8221;#FFCC33&#8243; background_enable_image=&#8221;off&#8221; custom_padding=&#8221;0px|10px|10px|10px|false|false&#8221; animation_style=&#8221;slide&#8221;][et_pb_image src=&#8221;https:\/\/energoremont-swiecie.pl\/wp-content\/uploads\/2021\/07\/019.jpg&#8221; alt=&#8221;konstrukcje&#8221; title_text=&#8221;Konstrukcje stalowe&#8221; show_in_lightbox=&#8221;on&#8221; _builder_version=&#8221;4.9.10&#8243; _module_preset=&#8221;default&#8221; background_color=&#8221;#FFCC33&#8243; background_image=&#8221;http:\/\/energoremont.wswieciu.pl\/wp-content\/uploads\/2021\/07\/006-1.jpg&#8221; background_size=&#8221;initial&#8221; custom_margin=&#8221;12px||12px||false|false&#8221; filter_brightness=&#8221;131%&#8221; filter_contrast=&#8221;110%&#8221; border_color_all=&#8221;#FFCC33&#8243;][\/et_pb_image][et_pb_image src=&#8221;https:\/\/energoremont-swiecie.pl\/wp-content\/uploads\/2021\/07\/021.jpg&#8221; alt=&#8221;konstrukcje&#8221; title_text=&#8221;Konstrukcje stalowe&#8221; show_in_lightbox=&#8221;on&#8221; _builder_version=&#8221;4.9.10&#8243; _module_preset=&#8221;default&#8221; filter_saturate=&#8221;133%&#8221; filter_brightness=&#8221;141%&#8221;][\/et_pb_image][\/et_pb_column][et_pb_column type=&#8221;3_5&#8243; _builder_version=&#8221;4.9.10&#8243; _module_preset=&#8221;default&#8221;][et_pb_text module_id=&#8221;ulli&#8221; _builder_version=&#8221;4.9.10&#8243; _module_preset=&#8221;default&#8221; text_font=&#8221;Arial||||||||&#8221; text_text_color=&#8221;#000000&#8243; text_font_size=&#8221;16px&#8221; text_line_height=&#8221;1.6em&#8221; background_color=&#8221;#f7f7f7&#8243; custom_margin=&#8221;12px||||false|false&#8221; custom_css_before=&#8221;||&#8221;]<\/p>\n<p>Nasza firma dostarcza tak\u017ce od wielu lat specjalistyczne konstrukcje stalowe dla przemys\u0142u okr\u0119towego m.in. wysi\u0119gniki d\u017awig\u00f3w portowych, gdzie zakres Naszych prac obejmuje:<\/p>\n<ul>\n<li>prefabrykacje, spawanie i monta\u017ce pr\u00f3bne konstrukcji do wagi 60t,<\/li>\n<li>obr\u00f3bk\u0119 mechaniczn\u0105 gniazd \u0142o\u017cyskowych i p\u0142aszczyzn wysi\u0119gnik\u00f3w oraz konstrukcji,<\/li>\n<li>\u015brutowanie i czyszczenie konstrukcji do SA 2,5 zgodnie z norm\u0105 ISO8501-1,<\/li>\n<li>malowanie zestawami farb poliuretanowo-epoksydowych przy zachowaniu najsurowszych wymog\u00f3w obowi\u0105zuj\u0105cych w przemy\u015ble\u00a0 okr\u0119towym.<\/li>\n<\/ul>\n<p>Prace te wykonujemy zgodnie z wymogami towarzystw certyfikuj\u0105cych takich jak DNV, LLOYD, ABS oraz UDT. Przy u\u017cyciu w\u0142asnego parku maszynowego potrafimy wykona\u0107 konstrukcje stalowe o r\u00f3\u017cnym stopniu trudno\u015bci wraz z kompleksowym zabezpieczeniem<br \/>antykorozyjnym. Wykonujemy m.in.:<\/p>\n<ul>\n<li>kontenery dla przemys\u0142u okr\u0119towego,<\/li>\n<li>konstrukcje stalowe malowane lub cynkowane takie jak podesty obs\u0142ugowe, konstrukcje no\u015bne pod urz\u0105dzenia.<\/li>\n<\/ul>\n<p>[\/et_pb_text][\/et_pb_column][\/et_pb_row][\/et_pb_section]<\/p>\n","protected":false},"excerpt":{"rendered":"<p>Instalacje ruroci\u0105gowe Zbiorniki Remonty urz. energetycznych Remonty urz\u0105dze\u0144 Konstrukcje stalowe Nasza firma dostarcza tak\u017ce od wielu lat specjalistyczne konstrukcje stalowe dla przemys\u0142u okr\u0119towego m.in. wysi\u0119gniki d\u017awig\u00f3w portowych, gdzie zakres Naszych prac obejmuje: prefabrykacje, spawanie i monta\u017ce pr\u00f3bne konstrukcji do wagi 60t, obr\u00f3bk\u0119 mechaniczn\u0105 gniazd \u0142o\u017cyskowych i p\u0142aszczyzn wysi\u0119gnik\u00f3w oraz konstrukcji, \u015brutowanie i czyszczenie konstrukcji do [&hellip;]<\/p>\n","protected":false},"author":1,"featured_media":0,"parent":0,"menu_order":0,"comment_status":"closed","ping_status":"closed","template":"","meta":{"_et_pb_use_builder":"on","_et_pb_old_content":"","_et_gb_content_width":""},"_links":{"self":[{"href":"https:\/\/energoremont-swiecie.pl\/index.php?rest_route=\/wp\/v2\/pages\/493"}],"collection":[{"href":"https:\/\/energoremont-swiecie.pl\/index.php?rest_route=\/wp\/v2\/pages"}],"about":[{"href":"https:\/\/energoremont-swiecie.pl\/index.php?rest_route=\/wp\/v2\/types\/page"}],"author":[{"embeddable":true,"href":"https:\/\/energoremont-swiecie.pl\/index.php?rest_route=\/wp\/v2\/users\/1"}],"replies":[{"embeddable":true,"href":"https:\/\/energoremont-swiecie.pl\/index.php?rest_route=%2Fwp%2Fv2%2Fcomments&post=493"}],"version-history":[{"count":19,"href":"https:\/\/energoremont-swiecie.pl\/index.php?rest_route=\/wp\/v2\/pages\/493\/revisions"}],"predecessor-version":[{"id":1273,"href":"https:\/\/energoremont-swiecie.pl\/index.php?rest_route=\/wp\/v2\/pages\/493\/revisions\/1273"}],"wp:attachment":[{"href":"https:\/\/energoremont-swiecie.pl\/index.php?rest_route=%2Fwp%2Fv2%2Fmedia&parent=493"}],"curies":[{"name":"wp","href":"https:\/\/api.w.org\/{rel}","templated":true}]}}